tor of 251 and 259841977?
251
What is the highest common factor of 52 and 448399627?
13
What is the highest common divisor of 982653 and 2958690?
1533
Calculate the greatest common factor of 9 and 52083225.
9
Calculate the greatest common factor of 198 and 43764402.
66
Calculate the greatest common divisor of 3408379 and 2192903.
1097
Calculate the highest common factor of 372 and 819012.
12
Calculate the greatest common factor of 36 and 1450279152.
36
What is the highest common factor of 7692 and 645144?
12
What is the greatest common divisor of 155620948 and 7?
7
What is the highest common factor of 25456 and 1695232?
688
What is the greatest common factor of 12 and 384251160?
12
Calculate the highest common divisor of 808379236 and 149.
149
What is the greatest common divisor of 106 and 25300027?
53
Calculate the highest common factor of 588 and 12737292.
12
What is the highest common factor of 47749498 and 85?
17
What is the greatest common factor of 1846 and 477143927?
923
Calculate the greatest common factor of 108142 and 168746.
278
Calculate the greatest common factor of 2066815 and 7880830.
5855
What is the highest common factor of 2692648 and 3136?
392
Calculate the highest common factor of 3007403755 and 13570.
6785
Calculate the highest common factor of 11277552 and 505726.
1378
Calculate the highest common divisor of 34 and 7524455.
17
Calculate the greatest common divisor of 5838681 and 14079.
57
What is the highest common factor of 71043499 and 6366?
1061
What is the highest common factor of 608 and 1652240?
304
What is the greatest common factor of 3681 and 15955908?
1227
Calculate the greatest common factor of 7257038 and 6968.
134
What is the highest common factor of 1840 and 94730?
10
What is the greatest common divisor of 98700 and 1836900?
300
What is the highest common divisor of 482077 and 9320?
233
What is the greatest common divisor of 677838 and 3738?
42
Calculate the greatest common factor of 205077456 and 32.
16
What is the highest common factor of 3867887 and 152?
19
What is the greatest common divisor of 10762056 and 31122?
342
What is the greatest common divisor of 6831 and 153351?
99
What is the greatest common divisor of 34928 and 800532?
148
Calculate the highest common divisor of 31743229 and 14.
7
What is the highest common factor of 113458868 and 2?
2
What is the highest common factor of 2595582 and 138?
6
Calculate the greatest common factor of 119515 and 259435.
2915
What is the greatest common divisor of 84 and 5744403?
21
Calculate the highest common divisor of 9087381 and 927.
927
Calculate the greatest common factor of 6880000 and 82904.
344
Calculate the highest common factor of 756 and 596628.
36
What is the greatest common divisor of 13033636 and 220220?
3388
What is the highest common divisor of 5393920 and 1895040?
4480
Calculate the highest common divisor of 1048 and 2941696.
8
Calculate the highest common divisor of 2394513 and 4411.
11
Calculate the highest common factor of 392 and 125183387.
49
What is the highest common factor of 7248852 and 221?
13
What is the highest common divisor of 1089567 and 9?
9
What is the greatest common factor of 672 and 35726096?
112
What is the highest common divisor of 1752 and 60797904?
1752
What is the highest common divisor of 14824 and 153?
17
What is the greatest common factor of 101035269 and 972?
243
What is the highest common factor of 711 and 1538762?
79
What is the greatest common factor of 11 and 397828?
1
Calculate the greatest common factor of 52601 and 3034849.
2287
What is the highest common divisor of 579421060 and 1570?
1570
What is the highest common factor of 12688646 and 8?
2
Calculate the greatest common factor of 175983747 and 1569.
1569
What is the highest common factor of 35240 and 349320?
40
What is the greatest common factor of 8530899 and 172?
43
Calculate the highest common factor of 8145920 and 20683.
1591
Calculate the highest common divisor of 2238 and 3349167.
1119
Calculate the highest common factor of 1351584 and 4674.
114
What is the greatest common factor of 1980 and 333497340?
1980
Calculate the highest common divisor of 296594 and 38540.
82
Calculate the highest common divisor of 385672 and 135184.
3976
What is the highest common divisor of 515447 and 1998?
37
Calculate the highest common divisor of 8 and 54822584.
8
What is the greatest common divisor of 584195116 and 628?
628
Calculate the greatest common divisor of 240 and 1258860.
60
Calculate the highest common divisor of 218466 and 72981.
477
Calculate the highest common divisor of 1351644880 and 160.
80
What is the greatest common divisor of 1485200 and 520?
40
What is the greatest common factor of 12198 and 2879146?
38
Calculate the greatest common factor of 36747745 and 8270.
4135
Calculate the highest common divisor of 2294 and 123623660.
2294
What is the greatest common factor of 20160 and 184968?
504
What is the highest common divisor of 1122 and 124278?
66
What is the highest common factor of 10375 and 5585651?
83
What is the greatest common divisor of 402 and 2330461?
67
Calculate the highest common divisor of 106108474 and 558.
62
What is the greatest common divisor of 9770 and 319580?
10
What is the highest common divisor of 58 and 835863810?
58
What is the greatest common divisor of 2950725 and 75?
75
Calculate the greatest common divisor of 64581849 and 18.
9
Calculate the highest common factor of 2030 and 2922115.
35
What is the greatest common factor of 4326354 and 8676?
18
Calculate the highest common divisor of 6083254 and 18290.
3658
Calculate the greatest common divisor of 214171657 and 8890.
889
What is the highest common factor of 58426 and 219818?
262
What is the greatest common divisor of 796690483 and 137?
137
What is the highest common divisor of 240 and 7154040?
120
What is the highest common factor of 212 and 204866836?
212
Calculate the greatest common divisor of 2000 and 3171750.
250
Calculate the highest common factor of 58986 and 1430802.
522
Calculate the greatest common divisor of 310968 and 64.
8
Calculate the greatest common factor of 4573 and 7574771.
269
What is the highest common factor of 403244 and 5188?
4
Calculate the highest common factor of 2265 and 1291635.
15
What is the highest common divisor of 40711808 and 1152?
128
Calculate the greatest common divisor of 8064 and 161501760.
4032
Calculate the greatest common factor of 11840 and 51020040.
1480
What is the greatest common divisor of 2748 and 168231873?
687
What is the greatest common divisor of 1038312 and 934648?
1672
What is the highest common divisor of 240 and 1782680?
40
What is the highest common divisor of 164063 and 729829?
457
What is the greatest common factor of 307595 and 300?
5
What is the greatest common divisor of 60684055 and 597?
199
Calculate the highest common divisor of 44 and 3809542.
22
What is the highest common divisor of 84119002 and 2162?
94
Calculate the greatest common divisor of 526 and 207247682.
526
What is the highest common factor of 5297826 and 2934?
978
Calculate the greatest common factor of 54023549 and 464.
29
Calculate the greatest common factor of 1479 and 498078393.
1479
Calculate the highest common factor of 9436646 and 3594.
1198
What is the greatest common divisor of 386722266 and 3738?
3738
What is the greatest common factor of 31 and 388242109?
31
What is the highest common factor of 116518276 and 3220?
644
Calculate the highest common divisor of 8116 and 865652560.
8116
What is the greatest common factor of 19 and 531622109?
19
What is the highest common factor of 1718702 and 35340?
1178
What is the highest common factor of 3015 and 1571485?
335
What is the greatest common factor of 3925174 and 88?
22
Calculate the highest common factor of 3579 and 46764407.
1193
Calculate the highest common factor of 5440 and 199070.
170
Calculate the greatest common divisor of 476 and 85999532.
68
What is the highest common divisor of 147 and 6558573?
21
Calculate the highest common divisor of 181 and 391982469.
181
Calculate the highest common divisor of 1611 and 1409267.
179
What is the greatest common factor of 16872 and 1045842?
222
Calculate the greatest common divisor of 21 and 12953829.
21
What is the highest common divisor of 